 + 182*q**3 + 23 - 9. What is the hundreds digit of o(11)?
8
Let t be (-67)/469 - (-2 + 12165/7). Let u = t + 2535. What is the units digit of u?
9
Let z = 253 - -572. Suppose 20*f - 21*f + w = -206, 3*w + z = 4*f. What is the hundreds digit of f?
2
Let v = -9125 - -17440. What is the hundreds digit of v?
3
Let m(v) = -406*v - 7724. What is the ten thousands digit of m(-78)?
2
Let m = -256 - -254. Let b(g) = 37*g**2 - 6. What is the tens digit of b(m)?
4
Let s = 2810 - 1003. What is the thousands digit of s?
1
Let h be 22/33*((-39)/(-6) - 2). Suppose -5*f - h*m = -8*f + 2247, 0 = 4*m + 8. What is the units digit of f?
7
Let g(a) = -a**2 + 45*a - 12. Let p be (18/(-12) - -2)*28. What is the units digit of g(p)?
2
Suppose 28099 = -11*c + 12*c + 2*r, 5*r = -2*c + 56204. What is the hundreds digit of c?
0
Let j(c) = -c**2 - 7*c + 8. Let k be j(-8). Let m(l) be the first derivative of -2*l**2 + 69*l + 347. What is the tens digit of m(k)?
6
What is the tens digit of (-9 - 16430/10)/(1 + 306/(-294))?
7
Let z(k) = 233*k**2 + 6*k + 6. Let u(l) = -698*l**2 - 19*l - 19. Let g be (0 + (-6)/3)/((-1)/1). Let d(t) = g*u(t) + 7*z(t). What is the tens digit of d(-1)?
3
Let p(y) = -y**3 + 28*y**2 + 48*y + 51. What is the hundreds digit of p(-17)?
2
Let x(u) = -8*u - 47. Let i be x(-9). Suppose -2*m + 7*m - 5*j = -i, j = 2. What is the hundreds digit of m/(-6)*(0 - -290) + -4?
1
Suppose -r = 2*l - 44179, r + 198844 = 59*l - 50*l. What is the thousands digit of l?
2
Suppose -287*f + 289*f = -1032. Let z = f - -615. What is the tens digit of z?
9
Suppose 405 = -6*u - 855. Let r = 791 + u. What is the units digit of r?
1
Suppose -10*f + f + 8709 + 12297 = 0. What is the tens digit of f?
3
What is the hundreds digit of 84116/6 + 56/(-168)?
0
Suppose -148*b = -1984948 + 543229 - 714345. What is the thousands digit of b?
4
Suppose -18620 = d - 9*d + 84628. What is the tens digit of d?
0
What is the tens digit of 35389/43 + 1*3?
2
Suppose 5*v + 5*x + 51 = -79, -5*v = 2*x + 115. Let k = 53 + v. What is the units digit of ((-496)/12)/(-3 + k/12)?
4
Let w(c) = -c**2 + 18*c + 54. Let o be w(20). Suppose -o*i + 346 = -1488. What is the units digit of i?
1
Let q = -49 + 42. Let c(d) = d**3 + 6*d**2 + 8*d + 10. Let y be c(q). What is the units digit of 1*(-4 + 3) - (1 + y)?
3
Let u(s) = -329*s + 264. Let r be u(-4). Suppose -9*j + 5*x + r = -4*j, 940 = 3*j + 5*x. What is the units digit of j?
5
Suppose -6*c = 94*c - 2083000. What is the units digit of c?
0
Let v = -4639 + 7458. What is the thousands digit of v?
2
Suppose -3*k = 2*q - 7854, 333*k - 330*k + 18 = 0. What is the thousands digit of q?
3
Let o(u) be the second derivative of -u**4/12 + u**3/3 + 3*u**2/2 + u. Let w be o(3). Suppose 8*i - 12*i + 444 = w. What is the tens digit of i?
1
Suppose f = -5*l + 1806, -2*f + 5*l + 5208 = 1506. What is the hundreds digit of f?
8
Let g = -623 - 554. Let y = -805 - g. What is the units digit of y?
2
Suppose -22*f + 13*f = -14733. Suppose -3*z = -m - f, -14*m - 15 = -11*m. What is the hundreds digit of z?
5
Let b(g) = 3*g**2 + 28*g + 162. What is the tens digit of b(-33)?
0
Let c(r) = -18*r**3 + 4*r**2 - 2*r + 1. Suppose -2*o - o - 15 = -4*u, 5*o - 4 = -3*u. Let h be c(u). Let x = -314 - h. What is the hundreds digit of x?
1
Suppose -9338807 = -180*t + 8861770 - 4970577. What is the units digit of t?
0
Let x(t) = -38*t + 8398. What is the ten thousands digit of x(-81)?
1
Let j(x) = 118*x**2 + 17*x - 91. Let g be j(6). Let m = -2941 + g. What is the tens digit of m?
1
Let g(f) = 57*f**2 - 323*f - 2. What is the hundreds digit of g(12)?
3
Suppose -250 = 6*p + 710. Suppose -b + 280 = 3*x - 0*x, -3*b + 808 = x. Let s = p + b. What is the tens digit of s?
0
Let y be (15/4)/(3 + 27/(-12)). Suppose h = y*k - 2596, k - 259 = -h + 265. What is the hundreds digit of k?
5
Suppose -33 + 1391 = 14*f. Let a = 5 - 13. Let o = a + f. What is the units digit of o?
9
Suppose 5*b = -2*j + 38835, -4*j + 4*b - 13786 = -91442. What is the tens digit of j?
1
Let p = -31911 - -47312. What is the tens digit of p?
0
Let l(y) = 196*y + 1. Let o be l(-1). Let p = 678 + o. What is the hundreds digit of p?
4
Let t(c) be the third derivative of -c**6/120 - c**5/5 - 23*c**4/8 - 44*c**2. What is the tens digit of t(-11)?
3
Let n be (-394)/6 + 57/(-9) + 6. Let s = n + 95. Let a = 5 + s. What is the units digit of a?
4
What is the hundreds digit of (42/(-18))/((-443425)/(-34110) - 13)?
9
Let f = -118 + 119. Let w(o) = 302*o**2. Let j be w(f). Let t = 505 - j. What is the hundreds digit of t?
2
Suppose -17*h - 2505 + 11113 = -1745. What is the tens digit of h?
0
Suppose 28231632 = 536*i + 74*i + 14*i. What is the tens digit of i?
4
Let k(a) = 7*a + 7. Let r(g) = -5*g + 7. Let l(b) = 2*k(b) - r(b). Let w(v) = 2*v**2 + 5*v - 4. Let p be w(-4). What is the tens digit of l(p)?
5
Let k be (-3072)/(-26) - 8*1/52. Let m = -46 + k. What is the tens digit of m?
7
Let u(k) = k**3 + 5*k**2 - 2*k + 2. Let m(c) = c**2 + 1. Let b(w) = m(w) - u(w). Suppose 18 = -0*f - 4*f + 5*n, f - 3 = 5*n. What is the tens digit of b(f)?
3
Suppose 5*v - 1145 = -5*y, -v - 3*y + 180 + 55 = 0. Let n = 474 - v. What is the units digit of n?
8
Let b = -17906 - -38598. What is the tens digit of b?
9
What is the thousands digit of 28/(-4)*(-734 + -13)?
5
Let c(f) = 12*f**3 + 18*f**2 - 349*f + 4411. What is the tens digit of c(13)?
8
Suppose -3*d - s + 2425 - 139 = 0, -3*s = 9. Suppose v - d + 110 = -m, -2*v = 4*m - 1296. What is the hundreds digit of v?
6
Let g = -15 + 35. Let z = 59 - 58. What is the tens digit of g/(-30) - ((-226)/6 - z)?
3
Let u be (-4 + 3)*-3*2404/(-6). Let p = -194 - u. What is the thousands digit of p?
1
Suppose 7*u = -4727 + 450. Let q = u + 907. What is the tens digit of q?
9
Let t = 23597 + -3768. What is the hundreds digit of t?
8
Let n(o) = -1 + 2 - 7*o + o**2 + 3. Let r(t) = t + 21. Let x be r(-7). What is the hundreds digit of n(x)?
1
Let q = -3606 + 11235. What is the units digit of q?
9
Suppose 144*z = -48*z + 840768. What is the hundreds digit of z?
3
Suppose 5*x - 190298 = -9*x - 20*x. What is the tens digit of x?
9
Let m(w) be the second derivative of -w**5/5 - w**4/4 - 3*w**2/2 + 2*w. Suppose 0 = -4*l + 2*s - 14, -15 = -2*l - 2*s - 19. What is the tens digit of m(l)?
7
Let w(s) be the third derivative of s**5/12 + 13*s**4/24 - 14*s**3/3 - 188*s**2. What is the hundreds digit of w(-11)?
4
Let s = -1043 - -394. Let t = s + 979. What is the hundreds digit of t?
3
Let o = -4085 - -8460. What is the tens digit of o?
7
Let f(g) be the first derivative of -g**4/4 + 32*g**3/3 - 13*g**2 - 8*g - 147. What is the tens digit of f(31)?
4
Suppose -5*d = -340 + 100. Let t be 126/d + 3/8. Suppose l = 3*q - 274, -t*q = 3*l - 0*l - 258. What is the tens digit of q?
9
Let k = -35916 - -40999. What is the hundreds digit of k?
0
Suppose 28961 - 1676 = 5*j - 5*f, 2*j + 3*f = 10939. What is the hundreds digit of j?
4
Suppose 4*r - 5*b = 77, 2*r - 21 = -0*b - b. Suppose 4*t - 3 = r. Suppose t*y + 43 = 47. What is the units digit of y?
1
What is the thousands digit of 24/(-10)*26293640/(-1376)?
5
Let t(j) = 57*j - 249. What is the hundreds digit of t(53)?
7
Let f(k) = 20*k**2 + 18*k + 460. What is the hundreds digit of f(15)?
2
Let w(r) = -6*r**3 + r**2 - 2*r + 2. Let m be w(1). Let v be (m - 5)*3/(3*-2). Suppose 0 = -a + v*a - 192. What is the units digit of a?
8
Let c be -2*(((-5)/1)/10 - -2). What is the units digit of ((-969)/38)/(c/10)?
5
Let i(n) = -10674*n - 128. What is the units digit of i(-4)?
8
Let u = -116 - -156. Suppose -30*x + u*x = 100. Suppose -4 = -11*l + x*l, y + 3*l - 207 = 0. What is the hundreds digit of y?
1
Let w be 9/(4/6 - 646/456). Let r(i) = -i**2 - 28*i - 57. What is the hundreds digit of r(w)?
1
Let z = -310 + 313. Suppose l + z*n - 523 = 0, 7*n + 499 = l + 2*n. What is the units digit of l?
4
Let n(y) = 15*y**2 - 17*y - 44. Let q be (-17 - (7 + -6))/(3 - 1). What is the tens digit of n(q)?
2
Suppose 29*j = 27*j - 26. Let r(d) = -19*d - 91. What is the hundreds digit of r(j)?
1
Let t = 29603 + -9580. What is the ten thousands digit of t?
2
Let k(v) = 9*v**3 + 9*v**2 + 158*v - 100. What is the units digit of k(21)?
6
Let k(b) = 2026*b**2 - 55*b + 101. What is the units digit of k(2)?
5
What is the hundreds d